116, -3*x - 3*z = -90. Calculate the remainder when x is divided by 1/(-2) - 31/(-2).
13
Suppose -2*w = -4*c - 46, 3*w = 5*c + 57 + 8. What is the remainder when w is divided by 3?
0
Let p be 150*15/(-18)*-3. Suppose 2*z + 3*z = p. Calculate the remainder when (3/(-9))/(-1)*z is divided by 9.
7
Let x(c) = c - 6. Let t be x(8). Suppose t*j = -102 - 18. Let y = j - -99. Calculate the remainder when y is divided by 20.
19
Suppose -4*r - 12 = 0, 5*t + 0*t - 4*r - 292 = 0. Suppose -u = -5*u + t. What is the remainder when 40 is divided by u?
12
Let v(f) = 13*f + 7. Let g(z) = -7*z - 4. Let y(x) = 5*g(x) + 3*v(x). Suppose 0 = 3*w + 15 - 45. What is the remainder when y(4) is divided by w?
7
Let l = 8 - -3. Calculate the remainder when 20 is divided by l.
9
Let l(z) be the second derivative of z**3/6 + 11*z**2 + z. Let w(a) = a + 13. Calculate the remainder when l(0) is divided by w(-7).
4
Let o(v) = v**2 - 6*v + 3. Let u(z) = -z - 1. Let x(w) = -o(w) - u(w). Let g(s) = -2*s - 5. Calculate the remainder when x(5) is divided by g(-5).
3
What is the remainder when ((-5)/(5/3))/(9/(-264)) is divided by 13?
10
Suppose 5*i - 372 = 3*l, -4*i + 2*l + 373 = i. What is the remainder when 6/(-10) + 2595/i is divided by 9?
7
Calculate the remainder when (-3)/6 - 425/(-10) is divided by 15.
12
Suppose v + 590 = 11*v. Suppose -30 = -3*d + 15. What is the remainder when v is divided by d?
14
Suppose -2*r - 4 = -6. Let a = 3 - 6. What is the remainder when -1 - (a - 0 - r) is divided by 2?
1
Suppose 0 = -2*n + 44 - 6. What is the remainder when 74 is divided by n?
17
Let x = 184 - 115. Suppose 5*p - j + 2*j - x = 0, -7 = p - 5*j. Calculate the remainder when p is divided by 7.
6
What is the remainder when 33 is divided by (-3)/6*38*-1?
14
Suppose -3*x = x - 12. What is the remainder when 21 is divided by (x - 2)/((-2)/(-12))?
3
Let y(s) = -s**2 - 10*s + 27. Calculate the remainder when y(-11) is divided by 7.
2
Let f(o) = -2*o**3 - o. Let m be f(-1). Suppose -q + 4 = q, -m*q = r - 23. Let k = -24 - -33. Calculate the remainder when r is divided by k.
8
Let f(n) = n**3 + 7*n**2 + 1. Let b be f(-7). Let c(w) = 19*w**2 + w. Suppose 5*z = 40 - 5. Calculate the remainder when c(b) is divided by z.
6
Suppose -36 = -2*f - 22. Calculate the remainder when 17 is divided by f.
3
Suppose 2 + 0 = w. Calculate the remainder when w/(-1) - 8*-3 is divided by 8.
6
Let n(d) = -d**2 - 13*d - 9. What is the remainder when 14 is divided by n(-12)?
2
Suppose 6*k = k + 5*m - 10, -2 = -m. Suppose k = 4*y + 3*u + 128, -3*u = 3*y + 135 - 36. Let b = 42 + y. Calculate the remainder when b is divided by 7.
6
Suppose -50 = -4*j - 2*b, 5*j - 2*b - 22 = 3*j. What is the remainder when 47 is divided by j?
11
Suppose -k = 5*f - 19, -3*f + 2*k + 16 = -2*k. Let x(w) = w**2 - 5*w + 6. What is the remainder when f is divided by x(4)?
0
Suppose -3*b = -2*i - 7, 8*i + 7 = 3*i + 4*b. Let v = 38 + -36. What is the remainder when v is divided by i?
0
Suppose -5*v = -r + 1, 5*v = r - 6*r + 65. Calculate the remainder when 107 is divided by r.
8
What is the remainder when ((-377)/(-7))/1 + (-4)/(-28) is divided by 28?
26
Let r(l) be the third derivative of l**4/24 + 7*l**3/6 + 3*l**2. What is the remainder when r(10) is divided by 6?
5
Let y(l) = l + 4. Calculate the remainder when (-40)/(-6) + 4/(-6) is divided by y(0).
2
What is the remainder when ((-116)/12)/(4/(-12)) is divided by 10?
9
Let f(m) = m + 4. Let c be f(-3). Let q = c - -4. Let x(s) = 2*s**2 + 4*s + 2. Calculate the remainder when x(-3) is divided by q.
3
Suppose h - 5 = 2*q - 3, 0 = h - q - 1. Let a be (h + -1 - 1)*-2. Suppose -u + 9 = a. Calculate the remainder when 17 is divided by u.
2
Let h = 28 - 58. Calculate the remainder when 7 is divided by 12/8*h/(-9).
2
Suppose -3*x + 139 = m, 2*x = -2*m + 5*m + 89. What is the remainder when x is divided by 26?
20
Suppose 0 = 5*d - 0*d - 25. Let q = -7 - 0. Let w = 10 + q. What is the remainder when d is divided by w?
2
Let d(w) = -46*w - 15. Calculate the remainder when d(-1) is divided by 11.
9
Let x be (-46)/(-6) + 1/3. What is the remainder when (-1)/(-1) + (x - -5) is divided by 8?
6
Suppose 0*y - 50 = -2*y. Let o be ((-8)/(-24))/((-1)/(-102)). Suppose -2 = -4*m + o. What is the remainder when y is divided by m?
7
Let t(z) = -2*z**2 - 7*z + 17. What is the remainder when 10 is divided by t(-5)?
0
Let u(z) = -26*z - 7. What is the remainder when u(-3) is divided by 12?
11
Let p(b) = 10*b**2 - 13*b + 14. Suppose 30 = d - 13. Calculate the remainder when d is divided by p(1).
10
Let k(v) = v**2 - 12*v + 4. Let s(j) = -j**2 + 12*j - 5. Let o(q) = -4*k(q) - 3*s(q). What is the remainder when o(11) is divided by 4?
2
Let t = 31 + -12. Suppose 6 = -7*c + 384. What is the remainder when c is divided by t?
16
Suppose -3*t = 7*t - 900. What is the remainder when t is divided by 31?
28
Let r = -82 + 119. Let o = r - 19. Calculate the remainder when o is divided by 10.
8
What is the remainder when 10 is divided by ((-9)/(-15))/((-1)/(-10))?
4
Let n = -5 - -21. Suppose -f + 31 = 5*k, -3*f = -0*f - 3. Calculate the remainder when n is divided by k.
4
Suppose -c - 62 = -179. Suppose 4*w = 11 + c. What is the remainder when w is divided by (11/2)/((-2)/(-4))?
10
Suppose -5*n = -4*n - 25. What is the remainder when 97 is divided by n?
22
Suppose 8*i + 4*d + 400 = 5*i, 4*d = 4*i + 524. Let n = 188 + i. Calculate the remainder when n is divided by 19.
18
Suppose 2 + 6 = 2*u. Suppose 4*m = 5*m - u*g + 3, -5*g = -10. Calculate the remainder when 9 is divided by m.
4
Suppose -t - 344 = -5*t + 4*r, 12 = 4*r. Calculate the remainder when t is divided by 10.
9
Let x be ((-3)/2)/(6/(-4)). Suppose -x = k - 0, 2*s - 13 = 3*k. Let f = -12 + 25. Calculate the remainder when f is divided by s.
3
Let c = -90 + 170. What is the remainder when c is divided by 21?
17
Suppose -2*j + 5 = 4*b + 1, -3 = 3*b + 3*j. Suppose 4*c - 15 = -b. Suppose 5*s = -3*h + 2*s + 6, 3*h = 3*s + 36. Calculate the remainder when h is divided by c.
1
Let b(y) = -y**2 + 5*y + 7. Suppose 4*x + d = 2*x + 21, 3*x - 3*d = 54. Let c = 24 - x. What is the remainder when c is divided by b(5)?
4
Let z = 10 - 1. Suppose -2*t = 5*g - 110, 0*g - t = 5*g - 105. Let r = g - 4. Calculate the remainder when r is divided by z.
7
Suppose -3*d + 2*d = 0. Suppose 5*k = -j - 13, -2*j - 11 = -d*j + 5*k. Suppose c = 3*c - 8. What is the remainder when c is divided by j?
0
Let g = -30 - -47. What is the remainder when 30 is divided by g?
13
Let i = 11 - -1. Suppose -3*r = 4*w - 43, -32 = -w + r - 6*r. Calculate the remainder when i is divided by w.
5
Let x(s) = s**2 - 4*s + 5. Let u be -1 - (-14 + 1)/1. Suppose 0 = -2*g - g + u. What is the remainder when x(5) is divided by g?
2
Let a be (-27)/(-6) - 2/4. Suppose -2*z - a*g + 111 = 13, -3*z = -3*g - 138. Calculate the remainder when z is divided by 16.
15
Let f = -34 - -56. Suppose 2*z = -3*n + 22, 2*n - 29 = -n + 5*z. Calculate the remainder when f is divided by n.
6
Suppose -3*t + 2*b + b = -156, -3*b - 15 = 0. Let n = t + -16. What is the remainder when n is divided by 8?
7
Let t(v) = -v**3 - 7*v**2 + 3*v - 1. Let g = 5 - -1. Suppose g*f - 2*f = -32. What is the remainder when t(f) is divided by 20?
19
Let t be -20 + 18 + 3/(-1). Let w(a) = 6*a**2 - 2 - a**2 + 2*a**2 + a**3. What is the remainder when w(t) is divided by 17?
14
Let v be 1/((-2)/46 - 0). Let k = -4 - v. What is the remainder when 56 is divided by k?
18
Let v = 11 + -5. What is the remainder when 15 is divided by v?
3
Calculate the remainder when 12 is divided by (4/(-6))/(5/(525/(-10))).
5
Suppose -4*f + 4*p - 3 = -p, -f = 4*p + 6. Suppose 46 = z + 11. Calculate the remainder when z is divided by ((-3)/2)/(f/24).
17
Suppose 1 = 2*s - 3*p + 5, 4*p = s + 7. Suppose -1 = 2*g - 3*g. Calculate the remainder when g is divided by s.
0
Suppose -4*n + 69 = -3*n. What is the remainder when n is divided by 24?
21
Let o be -3 + -4 + 0 + 3. Calculate the remainder when o/(-8)*-4 + 81 is divided by 20.
19
Let b be (3 + -1)/(3/6). Suppose 3*r + 5 = -2*j - 2*r, 0 = 4*j - b*r - 4. What is the remainder when 44 is divided by (25 + j)*(-6)/(-10)?
14
Let r(s) = -9*s**3 - s**2 + 1. What is the remainder when 34 is divided by r(-1)?
7
Suppose -11*q - 43 + 2815 = 0. Calcu